/6*u**3. Give j(n).
0
Let f(h) = -h**3 - h**2 - 3*h + 29. Let a be f(0). Suppose -4*k + 48 = -5*p, 0*k - 3*k + a = -2*p. Let r(g) = 3*g - 8. Calculate r(k).
13
Let b(w) = 4*w + 2. Let i(a) = -a**3 + 8*a**2 - 7*a - 3. Let h be i(7). Let m(o) = o + 3. Let p be m(h). Suppose -2*t - 3*t - 10 = p. Give b(t).
-6
Let y = 4 + -2. Let g(c) = c + 2 + 5 - y. Let o(b) = 3*b**2 - 78*b + 149. Let q be o(24). Give g(q).
10
Let y(r) = -6*r**2 - 10*r + 36. Let v(t) = 4*t**2 + 6*t - 23. Let b(p) = 8*v(p) + 5*y(p). Give b(3).
8
Let g(q) = 11*q**3 - 8*q**2 - 12*q + 7. Let r(b) = 5*b**3 - 4*b**2 - 5*b + 3. Let u(j) = 4*g(j) - 9*r(j). Determine u(2).
3
Let j(u) = -5*u**2 - 9*u + 22. Let n(y) = -y**2 - y - 1. Let m(g) = -j(g) + 6*n(g). Let v(b) be the first derivative of m(b). Give v(5).
-7
Let x(t) = -6*t**2 - t. Let d(j) = j**2 - 3*j - 53. Let p be d(9). Give x(p).
-7
Let v be ((-3)/(-9))/(-3 + (-140)/(-45)). Let y(x) = -x**2 + x - 1. Determine y(v).
-7
Suppose 0 = 4*g + 5*n + 3, g - 2*g - 3*n = 6. Let f = 19 - 16. Let p(u) = f*u**3 - 4*u + 0 - 3 - u**g + 6*u**2 - 3*u**3. Give p(5).
2
Suppose -3*k + 3*m - 67 + 55 = 0, 2*k = -m - 5. Let x(o) = -2*o**3 - o**2 + 5*o + 4. Determine x(k).
34
Let b(h) = 116*h**2 + 6*h - 115*h**2 - 2 - h**3 - 5*h. Calculate b(-2).
8
Suppose 0 = -19*f + 17*f + 4. Let r(i) = 13 - 46*i**2 + 3*i**3 + 1 + 9*i + 35*i**2 - f*i**3. What is r(10)?
4
Let t = 22 + -19. Suppose 0 = -t*n - 3*z - 33, -30 = n - 3*z - 7. Let a be n/49*(-7 + 0). Let p(c) = c**3 - 2*c. Give p(a).
4
Let s(m) = 3*m**2 + 10*m + 8. Let l(f) = f**3 - 6*f**2 + f - 7. Let y be l(6). Let b(r) = r**2 + r + 1. Let n(z) = y*s(z) + 2*b(z). Determine n(-4).
10
Let y be (-6)/(-45)*-3*-5. Let o(f) = 10 + f**3 + 13 + 5 - 29 - 6*f - 6*f**y. What is o(7)?
6
Let r(n) be the second derivative of -5/12*n**4 + 0 - 1/2*n**2 - 4*n + 1/10*n**5 + 2/3*n**3. What is r(3)?
20
Let r(h) = -5*h**2 + 3*h + 14. Let w(s) = 4*s**2 - 4*s - 13. Let b(x) = 5*r(x) + 6*w(x). Give b(-6).
10
Let h(l) = l**2 + 5*l + 5. Let v(t) = 5*t + 120. Let r be v(-25). Calculate h(r).
5
Suppose -2*s - 38 = -40. Let x be 25/4 + 2/(-8). Let n be (-2)/(-5)*(x - s). Let v(u) = -u + 4. Give v(n).
2
Let v(s) = 12*s**2 + 22*s - 37. Let j(k) = -3*k**2 - 5*k + 9. Let q(w) = -9*j(w) - 2*v(w). Give q(-3).
17
Let z(r) = -r - 31. Suppose 176*p = 148*p - 420. Determine z(p).
-16
Let w(r) = r**2 + 5*r + 5. Let y be w(-5). Suppose 12 = a - 2*l, -27 = y*l - 2. Let v(g) = -g - 3*g**a + g**3 - 10*g - 4 + 9*g. What is v(4)?
4
Suppose 2*k + b + 35 = 7*k, -2 = 3*k + 4*b. Let n be ((-595)/28)/5 + k/(-8). Let r(w) = w**2 + 2*w + 1. Determine r(n).
16
Let k(m) = -1 - m + 5*m - 5*m. Let u(q) be the first derivative of -q**2/2 - 5*q - 17. Let r be u(-4). Give k(r).
0
Let y(z) = -8*z - z**2 - 3 + 0 + 31 - 5. Let u be y(-10). Let k(q) = 2*q**2 - 2*q + 4. Determine k(u).
16
Let g(i) be the second derivative of i**4/12 + 5*i**3/6 + i**2/2 - 9*i. Suppose 5*c + 5 = 5*z, c = -0*c - z - 11. Determine g(c).
7
Let i(j) = -2*j. Let r(s) = s. Suppose 2*w + 27 = -7*w. Let y(v) = w*i(v) - 5*r(v). Let n(k) = k + 2. Let z be n(-2). Determine y(z).
0
Suppose -13 = -5*g - 38, 0 = 3*n + g + 26. Let a = 8 + n. Let c(k) = a + k + 1 + k**2 - 9*k. Determine c(5).
-13
Let n = 1 + -1. Suppose -2*l = 3*x - n*l - 10, -5*l = 2*x - 3. Suppose 0 = 3*t - x*r + 5, -1 + 4 = -2*t + 3*r. Let c(g) = -g**2. What is c(t)?
-9
Let u(j) = -4*j - 16. Let b(s) = -2*s + 1. Let t(h) = -5*b(h) + u(h). Determine t(3).
-3
Let r(s) = -5*s + 1. Let d(g) = 4*g. Suppose o + 3*o + 13 = -p, -5*o = -4*p + 11. Let i(b) = o*r(b) - 4*d(b). Give i(-5).
2
Let r(l) be the first derivative of l**5/30 + l**4/24 + 9*l**2/2 + 5. Let k(z) be the second derivative of r(z). What is k(2)?
10
Let a(c) be the second derivative of c**4/12 - 3*c**3/2 + 3*c**2/2 - 23*c. What is a(6)?
-15
Let j(g) = 23*g - 69*g + 20*g + 25*g + 4. Determine j(4).
0
Let j(l) = -l**2 - 15*l + 286. Let d be j(11). Let x(t) = t**2 + 9. Give x(d).
9
Let v be 8/(-44) + (-356)/(-22). Let t(n) = n + 1. Let a be t(3). Suppose 4 = -a*p + v. Let f(s) = -s**2 + 4*s. Determine f(p).
3
Let h(n) be the second derivative of n**6/720 - n**5/30 - 5*n**4/6 - 6*n. Let i(t) be the third derivative of h(t). Determine i(7).
3
Suppose -4*q + 2*q - 6 = 0. Let n(f) = -f**2 - 8*f + 2. Let l be n(-8). Let d(u) = u**2 - 2*u - u + 3 + 3*u**l - 5*u**2. What is d(q)?
3
Let c = 19 + -7. Let t be 0 + 3/(c/8). Let x be (-1 - (-2)/1) + t. Let v(z) = -2*z**2 + 2*z - 1. What is v(x)?
-13
Let c(k) = -2*k - 7 + 3 + 0*k. Let i = 54 - 23. Suppose 0 = -2*f - p - 10, f - 4*p - i = 6*f. Give c(f).
2
Let b(m) = 4*m - 34. Let s(h) = -3*h + 35. Let c(k) = 4*b(k) + 5*s(k). What is c(0)?
39
Let o(a) = -a**3 + 7*a**2 + 6*a - 43. Let n be o(7). Let l(s) = 13*s + 6. Calculate l(n).
-7
Let r(b) = -20*b - 3. Let p(s) = -2*s**2 - 57*s - 30. Let k be p(-28). Determine r(k).
37
Let b(l) be the third derivative of -l**4/12 + l**3/6 - l**2. Let i be (-105)/(2 - 5) + 2. Let a = i + -34. Calculate b(a).
-5
Suppose 0 = -2*i + 4*o - 26, -3 = i + 2*i + 3*o. Let z(t) be the third derivative of 0*t + 23*t**2 - 1/60*t**5 + 0 - 5/6*t**3 - 7/24*t**4. What is z(i)?
5
Let g(b) = b**3 + 2*b**2. Let t(u) = 31*u - 23*u - 74 - 17. Let x be t(11). Determine g(x).
-9
Let g be 751 - 3/1 - -4. Let x(r) = -753*r + g*r - 1 + 2. Give x(0).
1
Let p = -1 + 2. Let o(n) = n**3 - 5*n**2. Let y(v) = 3*v**3 - 9*v**2. Let f be -5 - (-3 - (1 - 3)). Let l(r) = f*y(r) + 7*o(r). Calculate l(p).
-4
Let y(j) be the second derivative of j**5/20 - 5*j**4/12 + 2*j**3/3 - 3*j**2 - 4*j. Let s be (-13)/(-3) + (-2)/6. Determine y(s).
-6
Let t = 32 - 13. Let s = t - 22. Let x be (7/3 - 3)*s. Let n(w) = -2*w - 1. Determine n(x).
-5
Suppose 4*n - 8 = -2*s + 4*s, -3*n - 2*s = 8. Suppose 5*u + 3*r = -n*r - 15, -r - 5 = 4*u. Let p(y) = -44*y + 810 + 23*y + 20*y - 806. What is p(u)?
4
Let s = 35 - 32. Let a(n) = -s + 63*n - 60*n + 0. Suppose -2*v - 3 + 1 = 0, 0 = 5*g + v - 14. Give a(g).
6
Let f(m) = 1107*m + 1104*m - 2209*m + 46. Determine f(-20).
6
Suppose 4*r - 6 = -2*v, 9*r - 4*r = -5*v - 10. Let q(d) = 6*d**2 + 12*d - 5. Let a(b) = -5*b**2 - 11*b + 6. Let n(w) = -5*a(w) - 4*q(w). Calculate n(v).
-10
Let o(q) be the second derivative of 7/2*q**2 - 2/3*q**4 - 7/6*q**3 - q - 1/20*q**5 + 0. Calculate o(-7).
7
Suppose -4*b + 7*b = i - 4, -5*b = -3*i - 4. Let j(z) = -2*z**2 - 18*z - 9. Give j(i).
7
Let s(a) = 3*a + 12*a - 6 - 2*a + 7 + 11*a. Give s(1).
25
Let f(c) = 26908 + c**2 - 26901 - 2*c - 2*c. Calculate f(3).
4
Let b(z) be the first derivative of z**4/4 - 2*z**3 - 6*z**2 + 11*z - 111. Calculate b(8).
43
Let b(n) = -n**2 + 17 - 2*n - 45 + 16 + 11 + 0*n. Let f(u) = 3*u + 6. Let q be f(-5). Let g = 4 + q. What is b(g)?
-16
Let v(m) = 2*m**3 + 9*m**2 + 6*m. Let u be (-8)/(-28) - 120/28. Let h be v(u). Let o(n) = n**2 + 8*n + 9. Calculate o(h).
9
Let i(t) = t + 1. Let b(y) = 7*y + 7. Let k(l) = -b(l) + 6*i(l). Let p be 1/((-42)/30)*-7. What is k(p)?
-6
Let r(c) = c**3 - 10*c**2 + 8*c + 11. Let o(h) = -h**2 - 5*h + 23. Let q be o(-7). Give r(q).
2
Let i(q) be the first derivative of q**4/4 + 13*q**3/3 + 6*q**2 + 4*q - 83. What is i(-12)?
4
Let y(o) be the third derivative of -o**4/8 - 7*o**3/6 + 212*o**2. Determine y(6).
-25
Suppose 0 = a - 4. Suppose 8 + 12 = a*x. Let j(k) = -k + x + k - k. Calculate j(4).
1
Let t(w) be the third derivative of -w**5/60 + w**4/3 + 3*w**3 - 335*w**2. Calculate t(8).
18
Let i(u) = -590 + 601 - 3*u + 4*u. What is i(3)?
14
Let w(k) be the second derivative of -7*k**6/720 - k**5/30 + 11*k**4/4 - 23*k. Let v(q) be the third derivative of w(q). Calculate v(-4).
24
Let l(r) = -r**2 - 9*r - 7. Let s = -882 + 871. Calculate l(s).
-29
Let w(f) = -f + 17 - 10 - 7 + 3*f**2. Let u be w(2). Let k(r) = u*r + 16*r + 3 - 27*r - 2. Give k(6).
-5
Let l(f) = -f. Suppose 0 = j - 4*z - 15 + 3, -2*j + 12 = 4*z. Suppose -2*g - 6 = -j. Determine l(g).
-1
Let l(a) = 3*a**2 - 68*a + 173. Let t be l(20). Let v(o) = -2*o + 10. Determine v(t).
-16
Let u(j) = 6*j - 1. Let q(l) = -13*l + 2. Let f(w) = -2*q(w) - 5*u(w). Let d(p) = -p + 3. Let a be d(-4). Suppose 0 = 12*i - a*i - 20. What is f(i)?
-15
Let f(s) be the first derivative of s**3/3 + s**2/2 - s - 11. Let y(d) = 5*d**2 + 4*d - 1. Let h(q) = -6*f(q) + y(q). Calculate h(4).
-19
Let s be ((-8